{"id":39,"date":"2023-05-27T12:02:30","date_gmt":"2023-05-27T12:02:30","guid":{"rendered":"https:\/\/trans-luzern.ch\/?page_id=39"},"modified":"2023-05-27T15:53:28","modified_gmt":"2023-05-27T15:53:28","slug":"sample-page-1","status":"publish","type":"page","link":"https:\/\/trans-luzern.ch\/?page_id=39","title":{"rendered":"Fachliches Angebot"},"content":{"rendered":"\n<h3 class=\"wp-block-heading\">Leistungsspektrum<\/h3>\n\n\n\n<p>Transgender, Gender nonkonforme Personen, Intersexualit\u00e4t; Schwerpunkt der T\u00e4tigkeit ist die Begleitung\/Behandlung geschlechtsvarianter Personen; evidenzbasierte, geschlechtsaffirmative Begleitung, insbesondere die Behandlung von psychischen Problemen, geschlechtsmedizinische Betreuung, klinisches Case Management von Varianten der Geschlechtsentwicklung, versicherungsmedizinische Expertise<\/p>\n\n\n\n<div style=\"height:72px\" aria-hidden=\"true\" class=\"wp-block-spacer\"><\/div>\n\n\n\n<h3 class=\"wp-block-heading\">Fachrichtung<\/h3>\n\n\n\n<p>Diagnostische Abkl\u00e4rung intersexueller Conditions, Geschlechtsaffirmative Begleitung, Selbstmanagement-Therapie nach Kanfer auf der Grundlage neuroph\u00e4nomenologischer Konzepte, Neuropsychotherapie nach Grawe, Embodiment-Therapie, PSI-Diagnostik nach Kuhl.<\/p>\n\n\n\n<p>Weitere Informationen f\u00fcr den Patienten im&nbsp;Erstgespr\u00e4ch nach Vereinbarung<\/p>\n\n\n\n<p>Sprache: Deutsch<\/p>\n\n\n\n<div style=\"height:72px\" aria-hidden=\"true\" class=\"wp-block-spacer\"><\/div>\n\n\n\n<h3 class=\"wp-block-heading\">Leitung der Fachstelle<\/h3>\n\n\n\n<p>Dr. med. univ. Dr. phil. Claudia Haupt<br>Chef\u00e4rztin<br>Medizinische Fachstelle f\u00fcr Transgenderpersonen Luzern<br>Medizinische Fachstelle f\u00fcr Intersexualit\u00e4t<\/p>\n\n\n\n<p>FMH Psychiatrie und Psychotherapie<br>DAS Neuropsychologie (DASNP UZH)<br>\u00d6\u00c4K Dipl. Psychiatrie und Neurologie<br>\u00d6\u00c4K Dipl. Arbeitsmedizin<br>\u00d6\u00c4K Dipl.Psychotherapeutische Medizin<br>Diplom Psychotherapie (L\u00c4K Hessen)<\/p>\n\n\n\n<p>Leitende Case Managerin der Fachstelle: Frau Sylvia Haupt.&nbsp;<\/p>\n\n\n\n<div style=\"height:25px\" aria-hidden=\"true\" class=\"wp-block-spacer\"><\/div>\n\n\n\n<h4 class=\"wp-block-heading\">Mitgliedschaften und Funktionen in Fachorganisationen&nbsp;<\/h4>\n\n\n\n<p>(der Chef\u00e4rztin Frau Dr. Dr. Claudia Haupt):<\/p>\n\n\n\n<ul>\n<li>Schweizerische Gesellschaft der Vertrauens- und Versicherungs\u00e4rzte (SGV)<\/li>\n\n\n\n<li>JBIC Centre for Health Consumer Ethics and Evidence Based Gender Health Care: A JBI Affiliated Group &#8212; Codirector<\/li>\n\n\n\n<li>Membership of Cochrane Collaboration<\/li>\n\n\n\n<li>Membership of GRADE Working Group<\/li>\n\n\n\n<li>Deutsche Gesellschaft f\u00fcr Health Consumer Ethics (DGHCE) Vorstand<\/li>\n\n\n\n<li>Bart-van-de-Ven-Fund, Luzern, Pr\u00e4sidentin<\/li>\n\n\n\n<li>Deutsches Netzwerk evidenzbasierte Medizin<\/li>\n\n\n\n<li>\u00c4rztegesellschaft des Kanton Luzern<\/li>\n\n\n\n<li>Vereinigung der Psychiaterinnen und Psychiater Kanton Luzern (VPLU)<\/li>\n\n\n\n<li>Schweizerische Gesellschaft f\u00fcr Psychiatrie und Psychotherapie.<\/li>\n<\/ul>\n","protected":false},"excerpt":{"rendered":"<p>Leistungsspektrum Transgender, Gender nonkonforme Personen, Intersexualit\u00e4t; Schwerpunkt der T\u00e4tigkeit ist die Begleitung\/Behandlung geschlechtsvarianter Personen; evidenzbasierte, geschlechtsaffirmative Begleitung, insbesondere die Behandlung von psychischen Problemen, geschlechtsmedizinische Betreuung, klinisches Case Management von Varianten der Geschlechtsentwicklung, versicherungsmedizinische Expertise Fachrichtung Diagnostische Abkl\u00e4rung intersexueller Conditions, Geschlechtsaffirmative Begleitung, Selbstmanagement-Therapie nach Kanfer auf der Grundlage neuroph\u00e4nomenologischer Konzepte, Neuropsychotherapie [&hellip;]<\/p>\n","protected":false},"author":1,"featured_media":7,"parent":0,"menu_order":10,"comment_status":"closed","ping_status":"closed","template":"","meta":[],"yoast_head":"<!-- This site is optimized with the Yoast SEO plugin v21.8.1 - https:\/\/yoast.com\/wordpress\/plugins\/seo\/ -->\n<title>Fachliches Angebot - Transfachstelle Luzern<\/title>\n<meta name=\"robots\" content=\"index, follow, max-snippet:-1, max-image-preview:large, max-video-preview:-1\" \/>\n<link rel=\"canonical\" href=\"https:\/\/trans-luzern.ch\/?page_id=39\" \/>\n<meta property=\"og:locale\" content=\"de_DE\" \/>\n<meta property=\"og:type\" content=\"article\" \/>\n<meta property=\"og:title\" content=\"Fachliches Angebot - Transfachstelle Luzern\" \/>\n<meta property=\"og:description\" content=\"Leistungsspektrum Transgender, Gender nonkonforme Personen, Intersexualit\u00e4t; Schwerpunkt der T\u00e4tigkeit ist die Begleitung\/Behandlung geschlechtsvarianter Personen; evidenzbasierte, geschlechtsaffirmative Begleitung, insbesondere die Behandlung von psychischen Problemen, geschlechtsmedizinische Betreuung, klinisches Case Management von Varianten der Geschlechtsentwicklung, versicherungsmedizinische Expertise Fachrichtung Diagnostische Abkl\u00e4rung intersexueller Conditions, Geschlechtsaffirmative Begleitung, Selbstmanagement-Therapie nach Kanfer auf der Grundlage neuroph\u00e4nomenologischer Konzepte, Neuropsychotherapie [&hellip;]\" \/>\n<meta property=\"og:url\" content=\"https:\/\/trans-luzern.ch\/?page_id=39\" \/>\n<meta property=\"og:site_name\" content=\"Transfachstelle Luzern\" \/>\n<meta property=\"article:modified_time\" content=\"2023-05-27T15:53:28+00:00\" \/>\n<meta property=\"og:image\" content=\"https:\/\/trans-luzern.ch\/wp-content\/uploads\/2023\/05\/europe-ga97c14118_1280.jpg\" \/>\n\t<meta property=\"og:image:width\" content=\"1280\" \/>\n\t<meta property=\"og:image:height\" content=\"853\" \/>\n\t<meta property=\"og:image:type\" content=\"image\/jpeg\" \/>\n<meta name=\"twitter:card\" content=\"summary_large_image\" \/>\n<meta name=\"twitter:label1\" content=\"Gesch\u00e4tzte Lesezeit\" \/>\n\t<meta name=\"twitter:data1\" content=\"2\u00a0Minuten\" \/>\n<script type=\"application\/ld+json\" class=\"yoast-schema-graph\">{\"@context\":\"https:\/\/schema.org\",\"@graph\":[{\"@type\":\"WebPage\",\"@id\":\"https:\/\/trans-luzern.ch\/?page_id=39\",\"url\":\"https:\/\/trans-luzern.ch\/?page_id=39\",\"name\":\"Fachliches Angebot - Transfachstelle Luzern\",\"isPartOf\":{\"@id\":\"https:\/\/trans-luzern.ch\/#website\"},\"datePublished\":\"2023-05-27T12:02:30+00:00\",\"dateModified\":\"2023-05-27T15:53:28+00:00\",\"breadcrumb\":{\"@id\":\"https:\/\/trans-luzern.ch\/?page_id=39#breadcrumb\"},\"inLanguage\":\"de\",\"potentialAction\":[{\"@type\":\"ReadAction\",\"target\":[\"https:\/\/trans-luzern.ch\/?page_id=39\"]}]},{\"@type\":\"BreadcrumbList\",\"@id\":\"https:\/\/trans-luzern.ch\/?page_id=39#breadcrumb\",\"itemListElement\":[{\"@type\":\"ListItem\",\"position\":1,\"name\":\"Startseite\",\"item\":\"https:\/\/trans-luzern.ch\/\"},{\"@type\":\"ListItem\",\"position\":2,\"name\":\"Fachliches Angebot\"}]},{\"@type\":\"WebSite\",\"@id\":\"https:\/\/trans-luzern.ch\/#website\",\"url\":\"https:\/\/trans-luzern.ch\/\",\"name\":\"Transfachstelle Luzern\",\"description\":\"\",\"potentialAction\":[{\"@type\":\"SearchAction\",\"target\":{\"@type\":\"EntryPoint\",\"urlTemplate\":\"https:\/\/trans-luzern.ch\/?s={search_term_string}\"},\"query-input\":\"required name=search_term_string\"}],\"inLanguage\":\"de\"}]}<\/script>\n<!-- \/ Yoast SEO plugin. -->","yoast_head_json":{"title":"Fachliches Angebot - Transfachstelle Luzern","robots":{"index":"index","follow":"follow","max-snippet":"max-snippet:-1","max-image-preview":"max-image-preview:large","max-video-preview":"max-video-preview:-1"},"canonical":"https:\/\/trans-luzern.ch\/?page_id=39","og_locale":"de_DE","og_type":"article","og_title":"Fachliches Angebot - Transfachstelle Luzern","og_description":"Leistungsspektrum Transgender, Gender nonkonforme Personen, Intersexualit\u00e4t; Schwerpunkt der T\u00e4tigkeit ist die Begleitung\/Behandlung geschlechtsvarianter Personen; evidenzbasierte, geschlechtsaffirmative Begleitung, insbesondere die Behandlung von psychischen Problemen, geschlechtsmedizinische Betreuung, klinisches Case Management von Varianten der Geschlechtsentwicklung, versicherungsmedizinische Expertise Fachrichtung Diagnostische Abkl\u00e4rung intersexueller Conditions, Geschlechtsaffirmative Begleitung, Selbstmanagement-Therapie nach Kanfer auf der Grundlage neuroph\u00e4nomenologischer Konzepte, Neuropsychotherapie [&hellip;]","og_url":"https:\/\/trans-luzern.ch\/?page_id=39","og_site_name":"Transfachstelle Luzern","article_modified_time":"2023-05-27T15:53:28+00:00","og_image":[{"width":1280,"height":853,"url":"https:\/\/trans-luzern.ch\/wp-content\/uploads\/2023\/05\/europe-ga97c14118_1280.jpg","type":"image\/jpeg"}],"twitter_card":"summary_large_image","twitter_misc":{"Gesch\u00e4tzte Lesezeit":"2\u00a0Minuten"},"schema":{"@context":"https:\/\/schema.org","@graph":[{"@type":"WebPage","@id":"https:\/\/trans-luzern.ch\/?page_id=39","url":"https:\/\/trans-luzern.ch\/?page_id=39","name":"Fachliches Angebot - Transfachstelle Luzern","isPartOf":{"@id":"https:\/\/trans-luzern.ch\/#website"},"datePublished":"2023-05-27T12:02:30+00:00","dateModified":"2023-05-27T15:53:28+00:00","breadcrumb":{"@id":"https:\/\/trans-luzern.ch\/?page_id=39#breadcrumb"},"inLanguage":"de","potentialAction":[{"@type":"ReadAction","target":["https:\/\/trans-luzern.ch\/?page_id=39"]}]},{"@type":"BreadcrumbList","@id":"https:\/\/trans-luzern.ch\/?page_id=39#breadcrumb","itemListElement":[{"@type":"ListItem","position":1,"name":"Startseite","item":"https:\/\/trans-luzern.ch\/"},{"@type":"ListItem","position":2,"name":"Fachliches Angebot"}]},{"@type":"WebSite","@id":"https:\/\/trans-luzern.ch\/#website","url":"https:\/\/trans-luzern.ch\/","name":"Transfachstelle Luzern","description":"","potentialAction":[{"@type":"SearchAction","target":{"@type":"EntryPoint","urlTemplate":"https:\/\/trans-luzern.ch\/?s={search_term_string}"},"query-input":"required name=search_term_string"}],"inLanguage":"de"}]}},"_links":{"self":[{"href":"https:\/\/trans-luzern.ch\/index.php?rest_route=\/wp\/v2\/pages\/39"}],"collection":[{"href":"https:\/\/trans-luzern.ch\/index.php?rest_route=\/wp\/v2\/pages"}],"about":[{"href":"https:\/\/trans-luzern.ch\/index.php?rest_route=\/wp\/v2\/types\/page"}],"author":[{"embeddable":true,"href":"https:\/\/trans-luzern.ch\/index.php?rest_route=\/wp\/v2\/users\/1"}],"replies":[{"embeddable":true,"href":"https:\/\/trans-luzern.ch\/index.php?rest_route=%2Fwp%2Fv2%2Fcomments&post=39"}],"version-history":[{"count":5,"href":"https:\/\/trans-luzern.ch\/index.php?rest_route=\/wp\/v2\/pages\/39\/revisions"}],"predecessor-version":[{"id":154,"href":"https:\/\/trans-luzern.ch\/index.php?rest_route=\/wp\/v2\/pages\/39\/revisions\/154"}],"wp:featuredmedia":[{"embeddable":true,"href":"https:\/\/trans-luzern.ch\/index.php?rest_route=\/wp\/v2\/media\/7"}],"wp:attachment":[{"href":"https:\/\/trans-luzern.ch\/index.php?rest_route=%2Fwp%2Fv2%2Fmedia&parent=39"}],"curies":[{"name":"wp","href":"https:\/\/api.w.org\/{rel}","templated":true}]}}