{"id":65,"date":"2023-05-27T12:02:30","date_gmt":"2023-05-27T12:02:30","guid":{"rendered":"https:\/\/trans-luzern.ch\/?page_id=65"},"modified":"2023-11-17T16:35:33","modified_gmt":"2023-11-17T16:35:33","slug":"sample-page-1-5","status":"publish","type":"page","link":"https:\/\/trans-luzern.ch\/?page_id=65","title":{"rendered":"Das TransDok-Projekt"},"content":{"rendered":"\n<h3 class=\"wp-block-heading\">Forschungsprojekt<\/h3>\n\n\n\n<p>TransDok ist ein Forschungsprojekt gem\u00e4\u00df den Prinzipien der <a href=\"https:\/\/www.ncbi.nlm.nih.gov\/pmc\/articles\/PMC5851389\/\">narrativ-basierten Medizin<\/a> (NbM).&nbsp;Das Projekt wird von der <a href=\"https:\/\/dghce.de\/\">DGHCE<\/a>, dem <a href=\"https:\/\/www.geschlechtliche-vielfalt.de\/\">Verein Beratungsstelle geschlechtliche Vielfalt e.V.<\/a> und der Fachstelle Luzern gemeinsam getragen.<\/p>\n\n\n\n<p>Es geht um das gemeinsame Erforschen k\u00f6rperlich-leiblicher Erfahrungen und Erlebnisse von Menschen mit Transsexualit\u00e4t.<\/p>\n\n\n\n<p>Betroffene werden zu Autor:innen und nehmen die Ergr\u00fcndung des transsexuellen Ph\u00e4nomens selbst in die Hand. Sie schreiben ihre Erlebnisse und Erfahrungen auf und ver\u00f6ffentlichen authentische Berichte \u00fcber sich selbst bzw. pers\u00f6nliche Erlebnisse in ihrem Geschlechtsleib und mit ihrem Geschlechtsk\u00f6rper. Themen der Selbstzeugnisse sind der Alltag, die Lebenswelt, Therapien und Erfahrungen mit Krankenkassen, Institutionen, Arbeitsplatz.<\/p>\n\n\n\n<p>Dadurch soll allm\u00e4hlich ein narrativ-basiertes medizinisches, lebendiges Archiv von&nbsp;<a href=\"https:\/\/de.wikipedia.org\/wiki\/Selbstzeugnis\">SELBSTZEUGNISSEN<\/a>&nbsp;(niederl\u00e4ndisch:&nbsp;<a href=\"https:\/\/de.wikipedia.org\/wiki\/Ego-Dokument\">Ego-Dokumenten<\/a>) entstehen, das auch Nicht-Betroffenen hilft, Menschen mit Transsexualit\u00e4t besser zu verstehen und k\u00fcnftigen Forschungsprojekte als Grundlage dient.<\/p>\n\n\n\n<p>Es gibt viele Begriffserkl\u00e4rungen und praktische Tipps, damit besser erkl\u00e4rt werden kann, was das Thema transsexueller Menschen ist. Das erleichtert das Festlegen eigener Therapieziele, hilft die richtigen Therapien zu finden und Unterst\u00fctzung bei der Kommunikation mit der Krankenkasse zu bekommen.<\/p>\n\n\n\n<div style=\"height:72px\" aria-hidden=\"true\" class=\"wp-block-spacer\"><\/div>\n\n\n\n<h3 class=\"wp-block-heading\">TransDok-Selbstzeugnisse<\/h3>\n\n\n\n<h4 class=\"wp-block-heading\">Geschlechtliche Leibdiskrepanzen<\/h4>\n\n\n\n<h5 class=\"wp-block-heading\">Leibdiskrepanzen<\/h5>\n\n\n\n<ul>\n<li><a href=\"https:\/\/trans-luzern.ch\/?page_id=73\">Roberts Leibdiskrepanzen<\/a><\/li>\n\n\n\n<li><a href=\"https:\/\/trans-luzern.ch\/?page_id=81\">Georginas Waschk\u00fcchenerlebnisse<\/a><\/li>\n\n\n\n<li><a href=\"https:\/\/trans-luzern.ch\/?page_id=84\">Georgina en femme unterwegs<\/a><\/li>\n\n\n\n<li><a href=\"https:\/\/trans-luzern.ch\/?page_id=87\">Georgina zwischen Cowboy und Catwalk<\/a><\/li>\n\n\n\n<li><a href=\"https:\/\/trans-luzern.ch\/?page_id=90\">Sina im Bus<\/a><\/li>\n\n\n\n<li><a href=\"https:\/\/trans-luzern.ch\/?page_id=93\">Sina tanzt<\/a><\/li>\n<\/ul>\n\n\n\n<h5 class=\"wp-block-heading\">Unterleibsdiskrepanzen<\/h5>\n\n\n\n<ul>\n<li><a href=\"https:\/\/trans-luzern.ch\/?page_id=99\">Emmi \u00fcber ihre Unterleibdiskrepanzen<\/a><\/li>\n\n\n\n<li><a href=\"https:\/\/trans-luzern.ch\/?page_id=102\">Tanja vor ihrer SRS<\/a><\/li>\n\n\n\n<li><a href=\"https:\/\/trans-luzern.ch\/?page_id=105\">Margots Unterleibdiskrepanzen<\/a><\/li>\n<\/ul>\n\n\n\n<h5 class=\"wp-block-heading\">Gesichtsdiskrepanzen<\/h5>\n\n\n\n<ul>\n<li><a href=\"https:\/\/trans-luzern.ch\/?page_id=110\">Christines Gesichtsdiskrepanzen<\/a><\/li>\n\n\n\n<li><a href=\"https:\/\/trans-luzern.ch\/?page_id=117\">Tanjas Gesichtsdiskrepanzen<\/a><\/li>\n\n\n\n<li><a href=\"https:\/\/trans-luzern.ch\/?page_id=113\">Georgina nach der FFS<\/a><\/li>\n<\/ul>\n\n\n\n<h5 class=\"wp-block-heading\">Stimmdiskrepanzen<\/h5>\n\n\n\n<ul>\n<li><a href=\"https:\/\/trans-luzern.ch\/?page_id=122\">Sinas Stimmdiskrepanzen<\/a><\/li>\n<\/ul>\n\n\n\n<h5 class=\"wp-block-heading\">Brustdiskrepanzen<\/h5>\n\n\n\n<ul>\n<li><a href=\"https:\/\/trans-luzern.ch\/?page_id=127\">Elviras Brustdiskrepanzen<\/a><\/li>\n\n\n\n<li><a href=\"https:\/\/trans-luzern.ch\/?page_id=130\">Georginas Brustkongruenzen<\/a><\/li>\n<\/ul>\n\n\n\n<h5 class=\"wp-block-heading\">Behaarungsdiskrepanzen<\/h5>\n\n\n\n<ul>\n<li><a href=\"https:\/\/trans-luzern.ch\/?page_id=139\">Sinas Behaarungsdiskrepanzen<\/a><\/li>\n<\/ul>\n\n\n\n<h4 class=\"wp-block-heading\">Geschlechtsleibliche und -k\u00f6rperliche Angleichung<\/h4>\n\n\n\n<ul>\n<li><a href=\"https:\/\/trans-luzern.ch\/?page_id=169\">Janik \u00fcber Gl\u00fcck, Genuss und Transition<\/a><\/li>\n<\/ul>\n\n\n\n<h5 class=\"wp-block-heading\">Hormontherapie<\/h5>\n\n\n\n<ul>\n<li><a href=\"https:\/\/trans-luzern.ch\/?page_id=145\">Georginas HRT<\/a><\/li>\n<\/ul>\n","protected":false},"excerpt":{"rendered":"<p>Forschungsprojekt TransDok ist ein Forschungsprojekt gem\u00e4\u00df den Prinzipien der narrativ-basierten Medizin (NbM).&nbsp;Das Projekt wird von der DGHCE, dem Verein Beratungsstelle geschlechtliche Vielfalt e.V. und der Fachstelle Luzern gemeinsam getragen. Es geht um das gemeinsame Erforschen k\u00f6rperlich-leiblicher Erfahrungen und Erlebnisse von Menschen mit Transsexualit\u00e4t. Betroffene werden zu Autor:innen und nehmen die [&hellip;]<\/p>\n","protected":false},"author":2,"featured_media":7,"parent":0,"menu_order":10,"comment_status":"closed","ping_status":"closed","template":"","meta":[],"yoast_head":"<!-- This site is optimized with the Yoast SEO plugin v21.8.1 - https:\/\/yoast.com\/wordpress\/plugins\/seo\/ -->\n<title>Das TransDok-Projekt - Transfachstelle Luzern<\/title>\n<meta name=\"robots\" content=\"index, follow, max-snippet:-1, max-image-preview:large, max-video-preview:-1\" \/>\n<link rel=\"canonical\" href=\"https:\/\/trans-luzern.ch\/?page_id=65\" \/>\n<meta property=\"og:locale\" content=\"de_DE\" \/>\n<meta property=\"og:type\" content=\"article\" \/>\n<meta property=\"og:title\" content=\"Das TransDok-Projekt - Transfachstelle Luzern\" \/>\n<meta property=\"og:description\" content=\"Forschungsprojekt TransDok ist ein Forschungsprojekt gem\u00e4\u00df den Prinzipien der narrativ-basierten Medizin (NbM).&nbsp;Das Projekt wird von der DGHCE, dem Verein Beratungsstelle geschlechtliche Vielfalt e.V. und der Fachstelle Luzern gemeinsam getragen. Es geht um das gemeinsame Erforschen k\u00f6rperlich-leiblicher Erfahrungen und Erlebnisse von Menschen mit Transsexualit\u00e4t. Betroffene werden zu Autor:innen und nehmen die [&hellip;]\" \/>\n<meta property=\"og:url\" content=\"https:\/\/trans-luzern.ch\/?page_id=65\" \/>\n<meta property=\"og:site_name\" content=\"Transfachstelle Luzern\" \/>\n<meta property=\"article:modified_time\" content=\"2023-11-17T16:35:33+00:00\" \/>\n<meta property=\"og:image\" content=\"https:\/\/trans-luzern.ch\/wp-content\/uploads\/2023\/05\/europe-ga97c14118_1280.jpg\" \/>\n\t<meta property=\"og:image:width\" content=\"1280\" \/>\n\t<meta property=\"og:image:height\" content=\"853\" \/>\n\t<meta property=\"og:image:type\" content=\"image\/jpeg\" \/>\n<meta name=\"twitter:card\" content=\"summary_large_image\" \/>\n<meta name=\"twitter:label1\" content=\"Gesch\u00e4tzte Lesezeit\" \/>\n\t<meta name=\"twitter:data1\" content=\"2\u00a0Minuten\" \/>\n<script type=\"application\/ld+json\" class=\"yoast-schema-graph\">{\"@context\":\"https:\/\/schema.org\",\"@graph\":[{\"@type\":\"WebPage\",\"@id\":\"https:\/\/trans-luzern.ch\/?page_id=65\",\"url\":\"https:\/\/trans-luzern.ch\/?page_id=65\",\"name\":\"Das TransDok-Projekt - Transfachstelle Luzern\",\"isPartOf\":{\"@id\":\"https:\/\/trans-luzern.ch\/#website\"},\"datePublished\":\"2023-05-27T12:02:30+00:00\",\"dateModified\":\"2023-11-17T16:35:33+00:00\",\"breadcrumb\":{\"@id\":\"https:\/\/trans-luzern.ch\/?page_id=65#breadcrumb\"},\"inLanguage\":\"de\",\"potentialAction\":[{\"@type\":\"ReadAction\",\"target\":[\"https:\/\/trans-luzern.ch\/?page_id=65\"]}]},{\"@type\":\"BreadcrumbList\",\"@id\":\"https:\/\/trans-luzern.ch\/?page_id=65#breadcrumb\",\"itemListElement\":[{\"@type\":\"ListItem\",\"position\":1,\"name\":\"Startseite\",\"item\":\"https:\/\/trans-luzern.ch\/\"},{\"@type\":\"ListItem\",\"position\":2,\"name\":\"Das TransDok-Projekt\"}]},{\"@type\":\"WebSite\",\"@id\":\"https:\/\/trans-luzern.ch\/#website\",\"url\":\"https:\/\/trans-luzern.ch\/\",\"name\":\"Transfachstelle Luzern\",\"description\":\"\",\"potentialAction\":[{\"@type\":\"SearchAction\",\"target\":{\"@type\":\"EntryPoint\",\"urlTemplate\":\"https:\/\/trans-luzern.ch\/?s={search_term_string}\"},\"query-input\":\"required name=search_term_string\"}],\"inLanguage\":\"de\"}]}<\/script>\n<!-- \/ Yoast SEO plugin. -->","yoast_head_json":{"title":"Das TransDok-Projekt - Transfachstelle Luzern","robots":{"index":"index","follow":"follow","max-snippet":"max-snippet:-1","max-image-preview":"max-image-preview:large","max-video-preview":"max-video-preview:-1"},"canonical":"https:\/\/trans-luzern.ch\/?page_id=65","og_locale":"de_DE","og_type":"article","og_title":"Das TransDok-Projekt - Transfachstelle Luzern","og_description":"Forschungsprojekt TransDok ist ein Forschungsprojekt gem\u00e4\u00df den Prinzipien der narrativ-basierten Medizin (NbM).&nbsp;Das Projekt wird von der DGHCE, dem Verein Beratungsstelle geschlechtliche Vielfalt e.V. und der Fachstelle Luzern gemeinsam getragen. Es geht um das gemeinsame Erforschen k\u00f6rperlich-leiblicher Erfahrungen und Erlebnisse von Menschen mit Transsexualit\u00e4t. Betroffene werden zu Autor:innen und nehmen die [&hellip;]","og_url":"https:\/\/trans-luzern.ch\/?page_id=65","og_site_name":"Transfachstelle Luzern","article_modified_time":"2023-11-17T16:35:33+00:00","og_image":[{"width":1280,"height":853,"url":"https:\/\/trans-luzern.ch\/wp-content\/uploads\/2023\/05\/europe-ga97c14118_1280.jpg","type":"image\/jpeg"}],"twitter_card":"summary_large_image","twitter_misc":{"Gesch\u00e4tzte Lesezeit":"2\u00a0Minuten"},"schema":{"@context":"https:\/\/schema.org","@graph":[{"@type":"WebPage","@id":"https:\/\/trans-luzern.ch\/?page_id=65","url":"https:\/\/trans-luzern.ch\/?page_id=65","name":"Das TransDok-Projekt - Transfachstelle Luzern","isPartOf":{"@id":"https:\/\/trans-luzern.ch\/#website"},"datePublished":"2023-05-27T12:02:30+00:00","dateModified":"2023-11-17T16:35:33+00:00","breadcrumb":{"@id":"https:\/\/trans-luzern.ch\/?page_id=65#breadcrumb"},"inLanguage":"de","potentialAction":[{"@type":"ReadAction","target":["https:\/\/trans-luzern.ch\/?page_id=65"]}]},{"@type":"BreadcrumbList","@id":"https:\/\/trans-luzern.ch\/?page_id=65#breadcrumb","itemListElement":[{"@type":"ListItem","position":1,"name":"Startseite","item":"https:\/\/trans-luzern.ch\/"},{"@type":"ListItem","position":2,"name":"Das TransDok-Projekt"}]},{"@type":"WebSite","@id":"https:\/\/trans-luzern.ch\/#website","url":"https:\/\/trans-luzern.ch\/","name":"Transfachstelle Luzern","description":"","potentialAction":[{"@type":"SearchAction","target":{"@type":"EntryPoint","urlTemplate":"https:\/\/trans-luzern.ch\/?s={search_term_string}"},"query-input":"required name=search_term_string"}],"inLanguage":"de"}]}},"_links":{"self":[{"href":"https:\/\/trans-luzern.ch\/index.php?rest_route=\/wp\/v2\/pages\/65"}],"collection":[{"href":"https:\/\/trans-luzern.ch\/index.php?rest_route=\/wp\/v2\/pages"}],"about":[{"href":"https:\/\/trans-luzern.ch\/index.php?rest_route=\/wp\/v2\/types\/page"}],"author":[{"embeddable":true,"href":"https:\/\/trans-luzern.ch\/index.php?rest_route=\/wp\/v2\/users\/2"}],"replies":[{"embeddable":true,"href":"https:\/\/trans-luzern.ch\/index.php?rest_route=%2Fwp%2Fv2%2Fcomments&post=65"}],"version-history":[{"count":32,"href":"https:\/\/trans-luzern.ch\/index.php?rest_route=\/wp\/v2\/pages\/65\/revisions"}],"predecessor-version":[{"id":171,"href":"https:\/\/trans-luzern.ch\/index.php?rest_route=\/wp\/v2\/pages\/65\/revisions\/171"}],"wp:featuredmedia":[{"embeddable":true,"href":"https:\/\/trans-luzern.ch\/index.php?rest_route=\/wp\/v2\/media\/7"}],"wp:attachment":[{"href":"https:\/\/trans-luzern.ch\/index.php?rest_route=%2Fwp%2Fv2%2Fmedia&parent=65"}],"curies":[{"name":"wp","href":"https:\/\/api.w.org\/{rel}","templated":true}]}}