{"id":84,"date":"2023-05-27T12:02:30","date_gmt":"2023-05-27T12:02:30","guid":{"rendered":"https:\/\/trans-luzern.ch\/?page_id=84"},"modified":"2023-05-27T14:47:57","modified_gmt":"2023-05-27T14:47:57","slug":"sample-page-1-5-6-7-8","status":"publish","type":"page","link":"https:\/\/trans-luzern.ch\/?page_id=84","title":{"rendered":"Georgina en femme unterwegs"},"content":{"rendered":"\n<p>Am Anfang, von der ersten Stunde an, war ich wie elektrisiert \u00fcber die auf mich gerichteten Blicke. Das hatte etwas Starrendes, Bohrendes, tief Verunsicherndes und Einsch\u00fcchterndes. Je nach Tagesverfassung hielt ich ihnen Stand, hielt ich die Blicke aus oder senkte in Demut den Blick. In jedem Fall hinterlie\u00df ich Spuren im Blick des Anderen. Dem\u00fctige Blicke meinerseits fachten manchmal die H\u00e4rte des Gesichtsausdrucks beim Anderen an, gelegentlich stimmten sie aber auch milde. K\u00e4mpferische Blicke von meiner Seite f\u00fchrten meistens zu einem Wegblicken oder Sekunden andauernder Aufwallung, niemals aber zum dem\u00fctigen Sich Geschlagen geben. Das Zerm\u00fcrbende und Aufreibende blieb, allerdings begann ich im Laufe der Zeit \u00e4hnlich wie eine Dompteuse mit ihren wilden Tigern zu kommunizieren, begann die zudringlichen Blicke durch St\u00e4rke und Standhalten zu bannen, dominant zu bleiben und die Szene zu beherrschen. Ich erlebte es als eine Art Ringkampf. Schlie\u00dflich begann die Aufgeregtheit etwas abzunehmen. Erst nach der Gesichtfeminisierungsoperation ist wirkliche Ruhe eingetreten, die Blickwechsel gelingen ohne seltsame Gesichtsausdr\u00fccke des Anderen.<\/p>\n","protected":false},"excerpt":{"rendered":"<p>Am Anfang, von der ersten Stunde an, war ich wie elektrisiert \u00fcber die auf mich gerichteten Blicke. Das hatte etwas Starrendes, Bohrendes, tief Verunsicherndes und Einsch\u00fcchterndes. Je nach Tagesverfassung hielt ich ihnen Stand, hielt ich die Blicke aus oder senkte in Demut den Blick. In jedem Fall hinterlie\u00df ich Spuren [&hellip;]<\/p>\n","protected":false},"author":2,"featured_media":7,"parent":65,"menu_order":10,"comment_status":"closed","ping_status":"closed","template":"","meta":[],"yoast_head":"<!-- This site is optimized with the Yoast SEO plugin v21.8.1 - https:\/\/yoast.com\/wordpress\/plugins\/seo\/ -->\n<title>Georgina en femme unterwegs - Transfachstelle Luzern<\/title>\n<meta name=\"robots\" content=\"index, follow, max-snippet:-1, max-image-preview:large, max-video-preview:-1\" \/>\n<link rel=\"canonical\" href=\"https:\/\/trans-luzern.ch\/?page_id=84\" \/>\n<meta property=\"og:locale\" content=\"de_DE\" \/>\n<meta property=\"og:type\" content=\"article\" \/>\n<meta property=\"og:title\" content=\"Georgina en femme unterwegs - Transfachstelle Luzern\" \/>\n<meta property=\"og:description\" content=\"Am Anfang, von der ersten Stunde an, war ich wie elektrisiert \u00fcber die auf mich gerichteten Blicke. Das hatte etwas Starrendes, Bohrendes, tief Verunsicherndes und Einsch\u00fcchterndes. Je nach Tagesverfassung hielt ich ihnen Stand, hielt ich die Blicke aus oder senkte in Demut den Blick. In jedem Fall hinterlie\u00df ich Spuren [&hellip;]\" \/>\n<meta property=\"og:url\" content=\"https:\/\/trans-luzern.ch\/?page_id=84\" \/>\n<meta property=\"og:site_name\" content=\"Transfachstelle Luzern\" \/>\n<meta property=\"article:modified_time\" content=\"2023-05-27T14:47:57+00:00\" \/>\n<meta property=\"og:image\" content=\"https:\/\/trans-luzern.ch\/wp-content\/uploads\/2023\/05\/europe-ga97c14118_1280.jpg\" \/>\n\t<meta property=\"og:image:width\" content=\"1280\" \/>\n\t<meta property=\"og:image:height\" content=\"853\" \/>\n\t<meta property=\"og:image:type\" content=\"image\/jpeg\" \/>\n<meta name=\"twitter:card\" content=\"summary_large_image\" \/>\n<meta name=\"twitter:label1\" content=\"Gesch\u00e4tzte Lesezeit\" \/>\n\t<meta name=\"twitter:data1\" content=\"1\u00a0Minute\" \/>\n<script type=\"application\/ld+json\" class=\"yoast-schema-graph\">{\"@context\":\"https:\/\/schema.org\",\"@graph\":[{\"@type\":\"WebPage\",\"@id\":\"https:\/\/trans-luzern.ch\/?page_id=84\",\"url\":\"https:\/\/trans-luzern.ch\/?page_id=84\",\"name\":\"Georgina en femme unterwegs - Transfachstelle Luzern\",\"isPartOf\":{\"@id\":\"https:\/\/trans-luzern.ch\/#website\"},\"datePublished\":\"2023-05-27T12:02:30+00:00\",\"dateModified\":\"2023-05-27T14:47:57+00:00\",\"breadcrumb\":{\"@id\":\"https:\/\/trans-luzern.ch\/?page_id=84#breadcrumb\"},\"inLanguage\":\"de\",\"potentialAction\":[{\"@type\":\"ReadAction\",\"target\":[\"https:\/\/trans-luzern.ch\/?page_id=84\"]}]},{\"@type\":\"BreadcrumbList\",\"@id\":\"https:\/\/trans-luzern.ch\/?page_id=84#breadcrumb\",\"itemListElement\":[{\"@type\":\"ListItem\",\"position\":1,\"name\":\"Startseite\",\"item\":\"https:\/\/trans-luzern.ch\/\"},{\"@type\":\"ListItem\",\"position\":2,\"name\":\"Das TransDok-Projekt\",\"item\":\"https:\/\/trans-luzern.ch\/?page_id=65\"},{\"@type\":\"ListItem\",\"position\":3,\"name\":\"Georgina en femme unterwegs\"}]},{\"@type\":\"WebSite\",\"@id\":\"https:\/\/trans-luzern.ch\/#website\",\"url\":\"https:\/\/trans-luzern.ch\/\",\"name\":\"Transfachstelle Luzern\",\"description\":\"\",\"potentialAction\":[{\"@type\":\"SearchAction\",\"target\":{\"@type\":\"EntryPoint\",\"urlTemplate\":\"https:\/\/trans-luzern.ch\/?s={search_term_string}\"},\"query-input\":\"required name=search_term_string\"}],\"inLanguage\":\"de\"}]}<\/script>\n<!-- \/ Yoast SEO plugin. -->","yoast_head_json":{"title":"Georgina en femme unterwegs - Transfachstelle Luzern","robots":{"index":"index","follow":"follow","max-snippet":"max-snippet:-1","max-image-preview":"max-image-preview:large","max-video-preview":"max-video-preview:-1"},"canonical":"https:\/\/trans-luzern.ch\/?page_id=84","og_locale":"de_DE","og_type":"article","og_title":"Georgina en femme unterwegs - Transfachstelle Luzern","og_description":"Am Anfang, von der ersten Stunde an, war ich wie elektrisiert \u00fcber die auf mich gerichteten Blicke. Das hatte etwas Starrendes, Bohrendes, tief Verunsicherndes und Einsch\u00fcchterndes. Je nach Tagesverfassung hielt ich ihnen Stand, hielt ich die Blicke aus oder senkte in Demut den Blick. In jedem Fall hinterlie\u00df ich Spuren [&hellip;]","og_url":"https:\/\/trans-luzern.ch\/?page_id=84","og_site_name":"Transfachstelle Luzern","article_modified_time":"2023-05-27T14:47:57+00:00","og_image":[{"width":1280,"height":853,"url":"https:\/\/trans-luzern.ch\/wp-content\/uploads\/2023\/05\/europe-ga97c14118_1280.jpg","type":"image\/jpeg"}],"twitter_card":"summary_large_image","twitter_misc":{"Gesch\u00e4tzte Lesezeit":"1\u00a0Minute"},"schema":{"@context":"https:\/\/schema.org","@graph":[{"@type":"WebPage","@id":"https:\/\/trans-luzern.ch\/?page_id=84","url":"https:\/\/trans-luzern.ch\/?page_id=84","name":"Georgina en femme unterwegs - Transfachstelle Luzern","isPartOf":{"@id":"https:\/\/trans-luzern.ch\/#website"},"datePublished":"2023-05-27T12:02:30+00:00","dateModified":"2023-05-27T14:47:57+00:00","breadcrumb":{"@id":"https:\/\/trans-luzern.ch\/?page_id=84#breadcrumb"},"inLanguage":"de","potentialAction":[{"@type":"ReadAction","target":["https:\/\/trans-luzern.ch\/?page_id=84"]}]},{"@type":"BreadcrumbList","@id":"https:\/\/trans-luzern.ch\/?page_id=84#breadcrumb","itemListElement":[{"@type":"ListItem","position":1,"name":"Startseite","item":"https:\/\/trans-luzern.ch\/"},{"@type":"ListItem","position":2,"name":"Das TransDok-Projekt","item":"https:\/\/trans-luzern.ch\/?page_id=65"},{"@type":"ListItem","position":3,"name":"Georgina en femme unterwegs"}]},{"@type":"WebSite","@id":"https:\/\/trans-luzern.ch\/#website","url":"https:\/\/trans-luzern.ch\/","name":"Transfachstelle Luzern","description":"","potentialAction":[{"@type":"SearchAction","target":{"@type":"EntryPoint","urlTemplate":"https:\/\/trans-luzern.ch\/?s={search_term_string}"},"query-input":"required name=search_term_string"}],"inLanguage":"de"}]}},"_links":{"self":[{"href":"https:\/\/trans-luzern.ch\/index.php?rest_route=\/wp\/v2\/pages\/84"}],"collection":[{"href":"https:\/\/trans-luzern.ch\/index.php?rest_route=\/wp\/v2\/pages"}],"about":[{"href":"https:\/\/trans-luzern.ch\/index.php?rest_route=\/wp\/v2\/types\/page"}],"author":[{"embeddable":true,"href":"https:\/\/trans-luzern.ch\/index.php?rest_route=\/wp\/v2\/users\/2"}],"replies":[{"embeddable":true,"href":"https:\/\/trans-luzern.ch\/index.php?rest_route=%2Fwp%2Fv2%2Fcomments&post=84"}],"version-history":[{"count":1,"href":"https:\/\/trans-luzern.ch\/index.php?rest_route=\/wp\/v2\/pages\/84\/revisions"}],"predecessor-version":[{"id":85,"href":"https:\/\/trans-luzern.ch\/index.php?rest_route=\/wp\/v2\/pages\/84\/revisions\/85"}],"up":[{"embeddable":true,"href":"https:\/\/trans-luzern.ch\/index.php?rest_route=\/wp\/v2\/pages\/65"}],"wp:featuredmedia":[{"embeddable":true,"href":"https:\/\/trans-luzern.ch\/index.php?rest_route=\/wp\/v2\/media\/7"}],"wp:attachment":[{"href":"https:\/\/trans-luzern.ch\/index.php?rest_route=%2Fwp%2Fv2%2Fmedia&parent=84"}],"curies":[{"name":"wp","href":"https:\/\/api.w.org\/{rel}","templated":true}]}}